e 9 + (-13 - -23) - ((-2 - 7) + 8).
20
Calculate -3 - -119 - 31 - 110.
-25
What is the value of -1 + -12 + (95 - -24) + -44 + 1 + 11?
74
What is (-51 - 3 - -56) + (2 - -11)?
15
-2659 + 2700 + (2 - (-1 + 9))
35
-50 + 27 - (-378 + 459)
-104
What is -82 + -4 + 92 - (-2 + 51)?
-43
9 + 50 - (78 + -54)
35
Calculate 34 + (50 - 81) + -79.
-76
Evaluate (84 + -71 - (0 + -25)) + -44.
-6
-68 + -27 + -3 + 6 + 1 + 7
-84
What is 56 + (11 + 4 - 4) + -12 + 8 - -2?
65
Evaluate 54 + -15 + 32 + 212 + -200.
83
Evaluate (-21 - -33) + 9 + 8 + -16 + -7.
6
Evaluate -1 + 2 + -4 - (35 + -28 + 17 - 8).
-19
What is the value of 24 - -99 - (162 - 9)?
-30
Calculate 8 + -21 - -18 - (-2 + 17 + (-7 - -8)).
-11
What is the value of 10 - (25 + 9 - -2)?
-26
What is the value of -23 + (-14 - (-8 + -17))?
-12
What is the value of -73 - -67 - ((0 - -11) + (-2 - 1))?
-14
(40 - -63) + -47 + 10
66
(-25 + -37 - 9) + 55
-16
Evaluate (4 - -7) + -8 - ((81 - 6) + -3 + 11).
-80
What is the value of 8 + 48 - (4 - -27)?
25
Calculate -71 + (-12 - -8) - (102 + -85).
-92
90 - (91 + 13) - (75 - ((-3 - 1) + 4))
-89
What is 21 + (-46 - (-4 - 14)) - (0 + -14) - 14?
-7
What is 190 - (-81 - -134) - 47?
90
Evaluate 33 - (-33 + 98 - 25).
-7
What is the value of 35 - (26 + -6 - (23 - 1))?
37
Evaluate -1075 - -1084 - (3 + 42).
-36
8 - (5 + -9 + 1 - (-46 + 32))
-3
Calculate 1 + -42 + -30 + 12 + -5 - -9.
-55
What is -110 + (21 - 13) + (2 - 2) + 4 + 6?
-92
Calculate -3 - -43 - (3442 - 3268).
-134
Calculate (12 - 1) + (-41 - (61 - 87)) - 35.
-39
What is the value of (-62 - 1) + 6231 + -6160?
8
Evaluate 45 - (24 + -1 + -8 + -16) - (-9 - -3).
52
-1 + -23 + -56 + -49 + 180
51
Evaluate 19 + 101 + 44 + -110.
54
What is the value of -7 + 15 + (-3 - -1) + -10 + 21 + -11?
6
Evaluate -111 - (41 - 62 - 31).
-59
13 + (-136 - -53) - -28
-42
Evaluate 27 - (-32 + 22) - 54.
-17
Calculate (18 + 11 - 44) + 55.
40
Evaluate 28 + -3 + (11 - 20) + (21 - -1) + -2.
36
What is the value of 7 - -1 - (-3 - -1) - (9 + 38 - 53)?
16
8 + (15 - (24 - 20)) + -18
1
Evaluate -24 - (-115 - -49) - (-1 + 112).
-69
Calculate -32 + 36 + 8 + 5 + -8 + -31.
-22
36 + -1 + -3 + (22 - (2 + 12)) - 5
35
Calculate (-5 + 8 + 5 + -11 - 6) + (-7 - 12).
-28
Evaluate -83 + 80 + -11 + (-3 - 6).
-23
What is the value of 32 + -16 + 92 + -119?
-11
What is 20 + (1172 - 1181) + -8 + -1?
2
What is 0 - ((22 - 9) + -2) - (45 - (11 - 14))?
-59
Calculate -411 - -481 - (-14 - ((1 - 1) + (-5 - 0))).
79
Evaluate -146 + 16 + (6 - 0 - (-17 - (-68 - -55))).
-120
What is the value of 5 + 1 + 70 + (26 - 30) - 11 - -1?
62
Calculate -32 + 7 + -4 + 413 + -396 - -79.
67
(-1 - 3 - (7 - 11)) + 2 + -48
-46
What is 22 + -27 + -23 + 35 + 6?
13
Evaluate -9 - (60 + -17) - (9 + -9 - 3).
-49
-22 - (1 + 4 - (546 - 542))
-23
Calculate 51 + (-14 - (-14 + 9) - -7).
49
Evaluate (1 - 42) + -12910 + 12953.
2
Calculate -7 + (7 - 35) + 2 + -16 - 0.
-49
What is the value of -75 + (-126 - -74 - -61)?
-66
Evaluate 1 + -18 + 4772 + -4744.
11
Calculate (-36 - (-13 + 27)) + 132.
82
(15 - (2 - -1)) + 88 + -53 + (-18 - 2)
27
What is the value of 68 + 1 - (-40 + (47 - (-53 + 78)))?
87
Evaluate -7 + -46 + 8 - (-5 + -48 + 42).
-34
(202 + -114 - 72) + 36 + 0
52
What is the value of (-9 - -4) + (3 + 6 - 0) - (-25 - -99)?
-70
Calculate 5 + 126 - (30 - (-18 + 35 + 0)).
118
(26 - -1) + 1378 + -1410 + -2 + 2 + 38
33
What is the value of -17 + 0 + 26 + (0 - -18) + -106?
-79
What is (9 - -22) + (27 + -21 - (1 - (0 - -3)))?
39
Calculate 11 - (-3 + 83 + -69).
0
Calculate (-64 - (4 + -5)) + 103 + 69 + -160.
-51
Evaluate -4 + (1 + (-19 - -15) + 8 - (6 + 44)).
-49
-1 + -26 - (-1053 - -1039)
-13
Evaluate -15 - (-15 - (-8 - (-12 - 15))).
19
Calculate -12 - (9 + (-17 - 19)).
15
Calculate 34 + -14 - -74 - 48.
46
Calculate 25 + -8 + -8 + (-27 - (-49 - -19)).
12
Calculate (12 - (12 + (-8 - (0 - -7)))) + 17.
32
What is the value of (1 - 15) + (78 - 113) + 1 + -4?
-52
(46 + -133 - -16) + 63
-8
Calculate (35 - ((4 - 17) + -15)) + -14.
49
Evaluate 3 + (-126 - (-98 + 46)).
-71
Calculate 23 - (-8 + 24 + -18 + (14 - 1)).
12
Calculate -96 + 40 + 80 + (-1 - 2) + 2 + 0.
23
27 + -50 + 26 + 4
7
(2 - (-39 - 19) - 69) + (74 - 1)
64
Evaluate 114 + -38 + -215 + 102.
-37
What is (29 - 4 - (86 - 49)) + 15 + -15?
-12
-78 + -11 + 28 - (64 + -68)
-57
-1 - (8 + -26) - ((-6 - -25) + 3)
-5
What is 13 - (-6 + 12 - (-14 + (-9 - (-18 - -9))))?
-7
What is the value of 33 + -22 + 30 + 0 + -11 + 0?
30
What is the value of 95 - 96 - (-1 - -1 - ((2 - -3) + -1))?
3
-54 + 67 - 47 - -12
-22
What is the value of -2 - 52 - (-13 + -7 + -2 - -13)?
-45
Evaluate (35 - 108) + 5 + 5 + -7 + 14.
-56
Calculate -43 - (-89 + 116 + -12).
-58
38 + -61 + 36 + -2 + (1 - -2) + -6
8
What is -61 + 13 + (112 - 56)?
8
What is the value of 57 - ((-2 - (2 - -6)) + -23 + (70 - 39))?
59
What is (-1 - -6) + -8 + 20 + (-8 - 17) + -21?
-29
What is the value of 86 - 21 - (-261 - -259)?
67
Evaluate -1 - 1 - -48 - (-5868 + 5880).
34
What is the value of 4 + -97 + 75 - -81?
63
What is the value of -9 + -52 + -16 + 22 + 10?
-45
0 + -84 - (-48 + (80 + -4 - 42))
-70
Calculate 1 + 0 - -5 - (162 - ((47 - -12) + -10)).
-107
Evaluate 14 - (8 - (-64 + 19)) - -20.
-19
(-13 - -2) + (-13 + 35 - 39) + -14
-42
Evaluate 24 + 54 + -33 + 24 + 38.
107
What is -9 + 6 + 1 + (69 - (-4 - -16))?
55
-39 - ((-23 - -32) + -49)
1
Evaluate 92 - (0 - (-20 - (11 - (12 - (-4 + -5))))).
82
What is the value of -103 + 114 - (91 - 33)?
-47
Calculate (53 - -23) + -61 - 38.
-23
What is the value of -34 + 37 + -15 + 6 + (1 + -6 - -68)?
57
What is the value of (0 + 2 - (17 + -46 + 41)) + -39?
-49
Calculate -14 + -18 + (5 + -10 - (-4 - 11)) + 23.
1
(57 - (11 + -34 + 29)) + -2 + 17
66
63 - (-9 - (25 + -21 + 17 - 36))
57
Calculate -13 - (-47 + 85 + -39).
-12
Evaluate -3 + 12 + -66 - ((-13 - 5) + -3 + 11).
-47
What is the value of -41 + 16 + 87 - 100?
-38
36 + 1 - (-101 + (-178 - -256))
60
What is the value of (-186 + 187 - (2 + 14)) + -4 + -32?
-51
60 + 1 + 1 + (-255 - (-34 - 202))
43
(-5 + -9 - -18) + (-47 - 11)
-54
Calculate 40 + -19 - 7 - 32 - -26.
8
Calculate -1097 + 1078 - (14 + -4).
-29
Evaluate (1 - -2) + -1 + 28 + 26 + -108 + 55.
3
What is 18 + (31 + -20 + 21 - (23 - 1))?
28
0 + -22 + (-9937 - -10072)
113
What is 1 - -53 - ((24 - -9 - -5) + -19 - 11)?
46
What is 174 - 186 - (-21 - 2) - -21?
32
Calculate (2 + 0 - (18 - (11 + (-7 - -41)))) + 4.
33
Calculate -10 - ((-6 - 13) + 6 - (12 + -32)).
-17
Evaluate -9 + ((73 - (-36 + 23)) + 22 - -18).
117
Calculate -9 + -7 + (-75 + -1 - (366 - 391)).
-67
What is 19 + -4 - (395 - 423)?
43
Evaluate 53 + (-21 - (-38 - -26)) + 10 + -1.
53
What is 0 - -22 - (-13 - -16 - (81 - 126))?
-26
What is -2831 + 2841 - (0 + -64 + 0)?
74
What is the value of (10 - (-13 + 19)) + -20?
-16
Calculate 1 - -36 - 50 - (1 + -2 - 59).
47
-16 + 56 + (-56 - -28)
12
What is the value of -3112 + 3113 - (-20 - -1)?
20
What is the value of 83 + (77 - 157 - 105)?
-102
Evaluate (70 + (-7 - -17) - -24) + -26.
78
What is the value of 48 - (-44 + 40 - 33) - (0 - (0 - 1))?
84
Evaluate -101 + (84 - (10 + 15)).
-42
Calculate 19 + 4 + (-224 - -202) + 19.
20
What is -11 - (-12 + -81 - -185)?
-103
What is 5 + -9 - 4 - (-1 - (-13 + 8 - 9))?
-21
What is (584 - 523) + -121 + -1?
-61
16 - ((37 - 18) + -17)
14
Calculate 29 - (33 + -25 - -17 - 39).
43
Evaluate -40 + (-2 - -6 - -4) + -19 + 3 + 10.
-38
Calculate -26 + (-34 - -63 - -35).
38
What is the value of -23 + (-11 + 6 - 0 - 9 - -21)?
-16
-4 - (-1 - 0) - (8 - 0 - (233 - 273))
-51
Calculate -4 - ((-10 - 2) + (-8 + 30 - 10)).
-4
What is (1 - -3 - (-4 - (-1 + 0))) + 34?
41
What is 0 - (-19 - 1) - (12 + -74 + 54)?
28
122 - (35 + 22 + 40)
25
Evaluate 18 - (-26 + -15 + 25 - 28).
62
What is -97 - (2 + -23 + -22 + -54 + 76)?
-76
(1 - 1) + (39 + (13 - 52) - 45)
-45
What is 205 + -249 - (60 + 7)?
-111
83 - (-18 + 14 - 23) - 31
79
Calculate (56 - (-54 - -162)) + 48.
-4
Evaluate -25 - (-20 + (2 - (-18 + -3 + 14))).
-14
Evaluate -2 - 16 - 3 - (475 - 450).
-46
Evaluate (10 + 1 - (-274 + 292)) + 14 - -57.
64
Evaluate 35 - ((7 - (13 - -2 - (17 - 15))) + 9).
32
Evaluate (-7 - -17) + -7 + 8 + -5 - -8.
14
What is -30 + (62 - 17) + 31?
46
What is the value of -4 + 22 + (17 - (-7 - -8)) + -24?
10
-2 + (-16 - 7) - -16 - -8
-1
What is the value of 0 + 2 + (1 + 3 - (-311 + 311))?
6
Evaluate 28 - ((8 - 1